eatest common factor of 1557 and 207.
9
Calculate the greatest common divisor of 71 and 6319.
71
Calculate the greatest common divisor of 315 and 90.
45
What is the highest common divisor of 8 and 124?
4
Calculate the highest common divisor of 22 and 297.
11
What is the greatest common divisor of 115 and 30?
5
Calculate the greatest common factor of 1300 and 800.
100
Calculate the highest common factor of 5 and 30715.
5
What is the highest common divisor of 32 and 47072?
32
What is the highest common divisor of 172 and 16?
4
Calculate the greatest common divisor of 1452 and 12.
12
Calculate the greatest common divisor of 621 and 115.
23
What is the greatest common factor of 414 and 180?
18
What is the greatest common factor of 30 and 405?
15
Calculate the greatest common divisor of 105 and 34440.
105
What is the highest common divisor of 5 and 20?
5
What is the highest common divisor of 90 and 405?
45
What is the greatest common divisor of 168 and 10248?
168
Calculate the greatest common divisor of 17 and 2669.
17
Calculate the greatest common divisor of 9828 and 84.
84
Calculate the highest common divisor of 184 and 1760.
8
Calculate the greatest common divisor of 2094 and 6.
6
Calculate the greatest common factor of 21 and 3801.
21
What is the highest common factor of 8 and 1000?
8
What is the greatest common divisor of 4288 and 67?
67
Calculate the highest common factor of 189 and 147.
21
Calculate the greatest common divisor of 18875 and 151.
151
Calculate the highest common factor of 350 and 1680.
70
Calculate the greatest common factor of 188 and 12.
4
What is the highest common factor of 2852 and 92?
92
What is the greatest common factor of 2108 and 62?
62
Calculate the highest common factor of 253 and 138.
23
Calculate the highest common divisor of 726 and 48.
6
What is the highest common factor of 53 and 4?
1
What is the greatest common divisor of 63 and 5103?
63
What is the highest common divisor of 1632 and 96?
96
Calculate the greatest common divisor of 120 and 320.
40
What is the greatest common factor of 392 and 168?
56
What is the greatest common factor of 114 and 1900?
38
Calculate the highest common divisor of 192 and 36.
12
What is the greatest common divisor of 33 and 451?
11
Calculate the highest common factor of 143 and 21593.
143
What is the greatest common factor of 3324 and 144?
12
Calculate the highest common factor of 75 and 30.
15
What is the greatest common factor of 9 and 8376?
3
What is the greatest common divisor of 16 and 56?
8
What is the highest common factor of 270 and 330?
30
What is the highest common divisor of 66 and 3322?
22
What is the greatest common factor of 575 and 115?
115
What is the highest common factor of 2871 and 783?
261
Calculate the highest common factor of 272 and 17.
17
What is the greatest common factor of 41 and 123?
41
What is the highest common factor of 8 and 60?
4
Calculate the highest common divisor of 2408 and 56.
56
What is the greatest common divisor of 505 and 10?
5
Calculate the greatest common divisor of 96 and 512.
32
What is the highest common factor of 1246 and 70?
14
Calculate the greatest common divisor of 1157 and 267.
89
Calculate the highest common divisor of 1372 and 1323.
49
What is the greatest common factor of 128 and 80?
16
Calculate the greatest common factor of 1204 and 1008.
28
What is the greatest common divisor of 119 and 935?
17
Calculate the greatest common divisor of 697 and 7339.
41
Calculate the greatest common factor of 18 and 558.
18
What is the highest common divisor of 48 and 960?
48
What is the highest common divisor of 148 and 1147?
37
Calculate the greatest common factor of 4117 and 23.
23
What is the highest common factor of 1079 and 13?
13
What is the highest common factor of 462 and 11?
11
What is the greatest common divisor of 6 and 63?
3
Calculate the highest common divisor of 399 and 42.
21
What is the greatest common factor of 54 and 3672?
54
What is the highest common factor of 1598 and 34?
34
Calculate the greatest common factor of 72 and 12840.
24
Calculate the greatest common divisor of 754 and 58.
58
Calculate the highest common divisor of 22 and 2.
2
Calculate the greatest common factor of 8181 and 81.
81
Calculate the greatest common divisor of 9 and 2043.
9
What is the highest common divisor of 969 and 57?
57
Calculate the highest common divisor of 15 and 115.
5
Calculate the highest common factor of 10269 and 126.
63
What is the greatest common factor of 2748 and 228?
12
Calculate the greatest common divisor of 21136 and 16.
16
What is the highest common divisor of 22 and 33?
11
What is the highest common divisor of 1495 and 3795?
115
What is the greatest common factor of 19 and 969?
19
Calculate the highest common factor of 19 and 35891.
19
Calculate the greatest common factor of 4 and 160.
4
What is the highest common factor of 1513 and 445?
89
Calculate the highest common factor of 13 and 4069.
13
Calculate the highest common factor of 55 and 25.
5
Calculate the greatest common factor of 25 and 80.
5
What is the highest common divisor of 146 and 2117?
73
What is the highest common divisor of 7550 and 100?
50
Calculate the greatest common divisor of 39 and 91.
13
What is the greatest common divisor of 60 and 1776?
12
What is the highest common factor of 14 and 1512?
14
What is the greatest common factor of 20 and 52?
4
Calculate the highest common factor of 169 and 52.
13
Calculate the greatest common divisor of 1296 and 2448.
144
What is the highest common factor of 45 and 168?
3
What is the highest common divisor of 25 and 20?
5
What is the highest common factor of 838 and 4?
2
Calculate the highest common factor of 63 and 399.
21
Calculate the greatest common factor of 2 and 92.
2
What is the highest common divisor of 25 and 10825?
25
What is the greatest common divisor of 352 and 32?
32
Calculate the greatest common divisor of 9 and 12897.
9
What is the greatest common divisor of 117 and 91?
13
Calculate the greatest common divisor of 105 and 63.
21
What is the highest common factor of 25 and 100?
25
Calculate the highest common factor of 102 and 816.
102
What is the highest common factor of 85 and 5695?
85
What is the highest common factor of 100 and 340?
20
What is the highest common divisor of 20 and 6820?
20
Calculate the greatest common divisor of 1209 and 12183.
93
What is the highest common divisor of 154 and 14?
14
What is the highest common factor of 76 and 1102?
38
What is the highest common factor of 4 and 196?
4
What is the highest common factor of 1394 and 8?
2
Calculate the greatest common factor of 22359 and 87.
87
What is the greatest common factor of 18 and 74?
2
What is the greatest common divisor of 7 and 5?
1
Calculate the highest common divisor of 62 and 682.
62
What is the greatest common divisor of 19513 and 79?
79
What is the highest common factor of 510 and 5?
5
Calculate the highest common divisor of 4 and 1684.
4
Calculate the greatest common factor of 13005 and 45.
45
Calculate the greatest common factor of 1220 and 140.
20
What is the greatest common factor of 1035 and 1265?
115
Calculate the greatest common factor of 180 and 108.
36
What is the highest common factor of 1312 and 288?
32
What is the highest common factor of 35 and 1015?
35
Calculate the greatest common factor of 351 and 65.
13
What is the greatest common divisor of 1921 and 187?
17
Calculate the greatest common factor of 228 and 12.
12
Calculate the highest common factor of 296 and 28564.
148
Calculate the highest common factor of 525 and 140.
35
What is the greatest common divisor of 26 and 1898?
26
Calculate the greatest common factor of 169 and 949.
13
What is the greatest common factor of 713 and 161?
23
What is the greatest common divisor of 105 and 140?
35
What is the highest common factor of 8789 and 935?
187
What is the highest common divisor of 90 and 21690?
90
What is the greatest common factor of 56 and 3836?
28
Calculate the highest common divisor of 448 and 192.
64
What is the greatest common factor of 15476 and 1168?
292
What is the greatest common factor of 1189 and 58?
29
What is the greatest common divisor of 392 and 16?
8
Calculate the highest common divisor of 333 and 11100.
111
Calculate the highest common